47 - -2?
1148149
In base 6, what is 15 + -451412?
-451353
In base 7, what is -112315 - 16?
-112334
In base 8, what is -12 + 3571?
3557
In base 7, what is -2546 + -13?
-2562
In base 8, what is -5 + -71075?
-71102
In base 14, what is -55d89 - -5?
-55d84
In base 6, what is 323503 + -34?
323425
In base 16, what is -c + 291e9?
291dd
In base 8, what is -221202 - 4?
-221206
In base 10, what is 117 - -148?
265
In base 2, what is -100011101001000 - 11000110?
-100100000001110
In base 7, what is 1066022 - 4?
1066015
In base 12, what is 2 + 26466?
26468
In base 8, what is 22 + 161?
203
In base 8, what is 5 - -256?
263
In base 10, what is 854 - 17?
837
In base 5, what is 14 + -1010202?
-1010133
In base 14, what is -2 - 74ac6?
-74ac8
In base 3, what is 2 - 210210212?
-210210210
In base 2, what is -110101011010101111 + -101?
-110101011010110100
In base 10, what is 17 + -1812?
-1795
In base 11, what is 2 + 54a669?
54a670
In base 4, what is 132032 + 10330?
203022
In base 11, what is 2237 + 11a?
2356
In base 14, what is 26 - 17c9?
-17a3
In base 4, what is 1 + -1020323?
-1020322
In base 4, what is -22010 + 1?
-22003
In base 2, what is 1100101 - -10111010010111?
10111011111100
In base 13, what is -50c41 + 0?
-50c41
In base 15, what is 2ee0e - -e?
2ee1d
In base 5, what is 21111 + 22?
21133
In base 6, what is -13525 - -24013?
10044
In base 8, what is -173 - 11?
-204
In base 9, what is -4352 + 0?
-4352
In base 14, what is 7 + 7619?
7622
In base 8, what is 213345 - -2?
213347
In base 6, what is 3 - -3200504?
3200511
In base 16, what is 3 + -9fc58?
-9fc55
In base 4, what is -1002203101 - 23?
-1002203130
In base 11, what is -88 + a2?
15
In base 11, what is -10875 - -4?
-10871
In base 3, what is 1 + -211212121?
-211212120
In base 7, what is -1261143 + 5?
-1261135
In base 10, what is 1782 - -2?
1784
In base 13, what is -18 - -494?
479
In base 2, what is -111000110110 + -101?
-111000111011
In base 10, what is 690830 + -3?
690827
In base 12, what is 353 - -33a?
691
In base 9, what is -4 - 15133?
-15137
In base 8, what is -1 - 1255615?
-1255616
In base 4, what is -1330332 + -202?
-1331200
In base 7, what is 221 - -1560?
2111
In base 8, what is 6 - 535140?
-535132
In base 15, what is 3 - 54c?
-549
In base 15, what is -3 + -5068?
-506b
In base 11, what is 16 + 754?
76a
In base 13, what is -467 + -65?
-4cc
In base 5, what is -3 - 1001331?
-1001334
In base 5, what is -20402 + 11?
-20341
In base 5, what is -203 - 11103?
-11311
In base 12, what is -19 + a844?
a827
In base 11, what is 0 + 44975?
44975
In base 9, what is -33 - -2516?
2473
In base 11, what is -a4748 + 0?
-a4748
In base 6, what is 3 - -4240211?
4240214
In base 9, what is 15318 + 5?
15324
In base 6, what is 1221 + 4101?
5322
In base 4, what is 3 - -111132033?
111132102
In base 9, what is -540466 + -5?
-540472
In base 3, what is -1201210 - -1022202?
-102001
In base 6, what is -5 + -401251?
-401300
In base 5, what is 101433 - 10?
101423
In base 10, what is 9928 + 4?
9932
In base 4, what is -102 - 221010?
-221112
In base 8, what is -130 - -731?
601
In base 9, what is -1457 - -562?
-785
In base 14, what is -2061 + -8?
-2069
In base 4, what is -23023 - 202030?
-231113
In base 11, what is -4a1a7 - 2?
-4a1a9
In base 15, what is 123508 - 2?
123506
In base 11, what is -11 - -6301?
62a0
In base 8, what is 154411 - 3?
154406
In base 10, what is -3 + -225063?
-225066
In base 8, what is -1 + 113335?
113334
In base 12, what is -1 - 253945?
-253946
In base 4, what is 3 - -2112120?
2112123
In base 2, what is -100111100 - 10001010?
-111000110
In base 3, what is 122122101 + 111?
122122212
In base 2, what is -110010 + -100111110000010?
-100111110110100
In base 3, what is -2 - 102202002?
-102202011
In base 15, what is -50 - d?
-5d
In base 3, what is -111 + -11212210?
-11220021
In base 9, what is -546163 - -5?
-546157
In base 9, what is -3 + -15676?
-15680
In base 15, what is 4 - -5a5a8?
5a5ac
In base 10, what is 410673 + 4?
410677
In base 16, what is b87 + 14?
b9b
In base 14, what is c - 101d?
-1011
In base 2, what is -1010000011010 + -110?
-1010000100000
In base 5, what is 4 + 240034?
240043
In base 14, what is -11417 + 28?
-113cd
In base 8, what is 232064 - -1?
232065
In base 2, what is 100000000000110111 + 10?
100000000000111001
In base 13, what is -2 - -127907?
127905
In base 14, what is -2155a + -5?
-21561
In base 8, what is -53710 - -2?
-53706
In base 11, what is -13 + a5294?
a5281
In base 6, what is 14455 + 1?
14500
In base 5, what is 0 + 23434?
23434
In base 6, what is 4 - 413012?
-413004
In base 12, what is -26a + 5?
-265
In base 8, what is 6 + 233?
241
In base 14, what is -1304 - 1b3?
-14b7
In base 10, what is 5211 + -63?
5148
In base 10, what is 187 + 38?
225
In base 15, what is -3 + -281b?
-281e
In base 5, what is -34 + 242044?
242010
In base 5, what is -2334 - -100?
-2234
In base 6, what is -3025344 - 2?
-3025350
In base 10, what is 349309 - -2?
349311
In base 3, what is 1 + -2202020?
-2202012
In base 8, what is -67 + 16073?
16004
In base 10, what is 259 - 520?
-261
In base 7, what is -20 - 111130?
-111150
In base 15, what is e + -24b9?
-24aa
In base 9, what is 17584 + -71?
17513
In base 5, what is -24322404 + 10?
-24322344
In base 7, what is 11463 - 44?
11416
In base 11, what is 633 - -13?
646
In base 16, what is 8a - cc?
-42
In base 3, what is 21011211 - -11?
21011222
In base 8, what is 1 + 52135?
52136
In base 7, what is -5606023 + -5?
-5606031
In base 9, what is -4 + 1043144?
1043140
In base 3, what is 11 + 202112022001?
202112022012
In base 3, what is 112122021 - 100222?
112021022
In base 9, what is -106 - 31642?
-31748
In base 6, what is -1323 + 125?
-1154
In base 15, what is -349 - 2b6?
-610
In base 12, what is -34 - 1594a?
-15982
In base 8, what is -46010 - 22?
-46032
In base 4, what is -10133 + -1020?
-11213
In base 9, what is 2822 + 387?
3320
In base 15, what is -23e6 - 24?
-241a
In base 5, what is 24344302 + -3?
24344244
In base 12, what is a60a4 - -4?
a60a8
In base 15, what is -67ad0 + 1?
-67ace
In base 10, what is -949536 + 4?
-949532
In base 7, what is -3 + -30521?
-30524
In base 13, what is 10a - 232?
-125
In base 9, what is -76 + -3526?
-3613
In base 12, what is 4 - -36a?
372
In base 6, what is 13 - -4254?
4311
In base 8, what is -1 - -512011?
512010
In base 9, what is -183151 - 2?
-183153
In base 2, what is -10 - 10011011110100?
-10011011110110
In base 13, what is 27 + -188?
-161
In base 11, what is 180337 + -6?
180331
In base 14, what is -74 + -ab52?
-abc6
In base 6, what is 2 - -231220?
231222
In base 13, what is -36b - -157?
-214
In base 14, what is 1 - 92d1b?
-92d1a
In base 8, what is 14 + 431?
445
In base 2, what is -11100101100011111 + -100?
-11100101100100011
In base 12, what is 0 - -10076?
10076
In base 7, what is -14 + 56?
42
In base 5, what is -342 - 332243?
-333140
In base 3, what is 10022200210 - -1?
10022200211
In base 10, what is -6 + 6232?
6226
In base 4, what is 32012102 - 3?
32012033
In base 9, what is -26 + -4520?
-4546
In base 9, what is -811871 + 6?
-811864
In base 5, what is 1404 + -120032?
-113123
In base 2, what is -100111110100 + -1000001?
-101000110101
In base 12, what is 19123 - 1?
19122
In base 15, what is -cdb + -13?
-cee
In base 13, what is -307 + -85?
-38c
In base 7, what is -245 + -1322?
-1600
In base 3, what is 0 - -20000?
20000
In base 6, what is 2432 + -1003?
1425
In base 8, what is 1616 - 15?
1601
In base 5, what is -4 - -22233314?
22233310
In base 5, what is 11041432 - 10?
11041422
In base 7, what is 54 + -3362?
-3305
In base 4, what is -2 + -2322003?
-2322011
In base 7, what is 1402362 - 1?
1402361
In base 9, what is -4 + -343168?
-343173
In base 16, what is b + -38269?
-3825e
In base 16, what is 3 + 1942?
1945
In base 8, what is 1034 + -123?
711
In base 4, what is -222 + 13233?
13011
In base 16, what is cc764 + 1?
cc765
In base 8, what is 443170 + -1?
443167
In base 6, what is -1 + 10341022?
10341021
In base 7, what is 3 - -266012?
266015
In base 11, what is 3 + -3a429?
-3a426
In base 12, what is 596210 + -2?
59620a
In base 3, what is 200011 + -22202001?
-22001220
In base 6, what is 2 - -104041?
104043
In base 7, what is -20661105 - 2?
-20661110
In base 8, what is -2263165 - 0?
-2263165
In base 5, what is -132434 + 10?
-132424
In base 6, what is 340 - 1053?
-313
In 